[INFO] fetching crate spacejam 0.1.2...
[INFO] checking spacejam-0.1.2 against master#cfbc6d4cf1acbac5c025acf8ed68929caa551df3 for pr-75494-beta
[INFO] extracting crate spacejam 0.1.2 into /workspace/builds/worker-1/source
[INFO] validating manifest of crates.io crate spacejam 0.1.2 on toolchain cfbc6d4cf1acbac5c025acf8ed68929caa551df3
[INFO] running `Command { std: "/workspace/cargo-home/bin/cargo" "+cfbc6d4cf1acbac5c025acf8ed68929caa551df3" "read-manifest" "--manifest-path" "Cargo.toml", kill_on_drop: false }`
[INFO] started tweaking crates.io crate spacejam 0.1.2
[INFO] finished tweaking crates.io crate spacejam 0.1.2
[INFO] tweaked toml for crates.io crate spacejam 0.1.2 written to /workspace/builds/worker-1/source/Cargo.toml
[INFO] running `Command { std: "/workspace/cargo-home/bin/cargo" "+cfbc6d4cf1acbac5c025acf8ed68929caa551df3" "generate-lockfile" "--manifest-path" "Cargo.toml" "-Zno-index-update", kill_on_drop: false }`
[INFO] running `Command { std: "/workspace/cargo-home/bin/cargo" "+cfbc6d4cf1acbac5c025acf8ed68929caa551df3" "fetch" "--locked" "--manifest-path" "Cargo.toml", kill_on_drop: false }`
[INFO] running `Command { std: "docker" "create" "-v" "/var/lib/crater-agent-workspace/builds/worker-1/target:/opt/rustwide/target:rw,Z" "-v" "/var/lib/crater-agent-workspace/builds/worker-1/source:/opt/rustwide/workdir:ro,Z" "-v" "/var/lib/crater-agent-workspace/cargo-home:/opt/rustwide/cargo-home:ro,Z" "-v" "/var/lib/crater-agent-workspace/rustup-home:/opt/rustwide/rustup-home:ro,Z" "-e" "SOURCE_DIR=/opt/rustwide/workdir" "-e" "CARGO_TARGET_DIR=/opt/rustwide/target" "-e" "CARGO_HOME=/opt/rustwide/cargo-home" "-e" "RUSTUP_HOME=/opt/rustwide/rustup-home" "-w" "/opt/rustwide/workdir" "-m" "1610612736" "--user" "0:0" "--network" "none" "rustops/crates-build-env@sha256:a636fd89d022f18117e1dc8fb37a0a009933cdbbe082814857f0e2024962d47c" "/opt/rustwide/cargo-home/bin/cargo" "+cfbc6d4cf1acbac5c025acf8ed68929caa551df3" "metadata" "--no-deps" "--format-version=1", kill_on_drop: false }`
[INFO] [stdout] 6624eb5fea49c0da54fcf8dc4b7e9e5441f33b064cec02781ca792303f181229
[INFO] [stderr] WARNING: Your kernel does not support swap limit capabilities or the cgroup is not mounted. Memory limited without swap.
[INFO] running `Command { std: "docker" "start" "-a" "6624eb5fea49c0da54fcf8dc4b7e9e5441f33b064cec02781ca792303f181229", kill_on_drop: false }`
[INFO] running `Command { std: "docker" "inspect" "6624eb5fea49c0da54fcf8dc4b7e9e5441f33b064cec02781ca792303f181229", kill_on_drop: false }`
[INFO] running `Command { std: "docker" "rm" "-f" "6624eb5fea49c0da54fcf8dc4b7e9e5441f33b064cec02781ca792303f181229", kill_on_drop: false }`
[INFO] [stdout] 6624eb5fea49c0da54fcf8dc4b7e9e5441f33b064cec02781ca792303f181229
[INFO] running `Command { std: "docker" "create" "-v" "/var/lib/crater-agent-workspace/builds/worker-1/target:/opt/rustwide/target:rw,Z" "-v" "/var/lib/crater-agent-workspace/builds/worker-1/source:/opt/rustwide/workdir:ro,Z" "-v" "/var/lib/crater-agent-workspace/cargo-home:/opt/rustwide/cargo-home:ro,Z" "-v" "/var/lib/crater-agent-workspace/rustup-home:/opt/rustwide/rustup-home:ro,Z" "-e" "SOURCE_DIR=/opt/rustwide/workdir" "-e" "CARGO_TARGET_DIR=/opt/rustwide/target" "-e" "CARGO_INCREMENTAL=0" "-e" "RUST_BACKTRACE=full" "-e" "RUSTFLAGS=--cap-lints=forbid" "-e" "CARGO_HOME=/opt/rustwide/cargo-home" "-e" "RUSTUP_HOME=/opt/rustwide/rustup-home" "-w" "/opt/rustwide/workdir" "-m" "1610612736" "--user" "0:0" "--network" "none" "rustops/crates-build-env@sha256:a636fd89d022f18117e1dc8fb37a0a009933cdbbe082814857f0e2024962d47c" "/opt/rustwide/cargo-home/bin/cargo" "+cfbc6d4cf1acbac5c025acf8ed68929caa551df3" "check" "--frozen" "--all" "--all-targets" "--message-format=json", kill_on_drop: false }`
[INFO] [stdout] 78ad6deadd84708eb07f513598023c1802d45e5718636ddff2f32f9431401e1f
[INFO] [stderr] WARNING: Your kernel does not support swap limit capabilities or the cgroup is not mounted. Memory limited without swap.
[INFO] running `Command { std: "docker" "start" "-a" "78ad6deadd84708eb07f513598023c1802d45e5718636ddff2f32f9431401e1f", kill_on_drop: false }`
[INFO] [stderr]    Compiling typenum v1.12.0
[INFO] [stderr]    Compiling libc v0.2.76
[INFO] [stderr]    Compiling proc-macro2 v1.0.19
[INFO] [stderr]    Compiling unicode-xid v0.2.1
[INFO] [stderr]     Checking rand_core v0.4.2
[INFO] [stderr]    Compiling version_check v0.9.2
[INFO] [stderr]     Checking cfg-if v0.1.10
[INFO] [stderr]    Compiling serde_derive v1.0.115
[INFO] [stderr]    Compiling num-integer v0.1.43
[INFO] [stderr]    Compiling num-bigint v0.2.6
[INFO] [stderr]     Checking ed25519 v1.0.1
[INFO] [stderr]     Checking bincode v1.3.1
[INFO] [stderr]     Checking rand_core v0.3.1
[INFO] [stderr]     Checking rand_pcg v0.1.2
[INFO] [stderr]     Checking rand_jitter v0.1.4
[INFO] [stderr]     Checking rand_xorshift v0.1.1
[INFO] [stderr]     Checking rand_isaac v0.1.1
[INFO] [stderr]     Checking rand_chacha v0.1.1
[INFO] [stderr]     Checking rand_hc v0.1.0
[INFO] [stderr]    Compiling generic-array v0.14.4
[INFO] [stderr]    Compiling quote v1.0.7
[INFO] [stderr]     Checking getrandom v0.1.14
[INFO] [stderr]     Checking rand_os v0.1.3
[INFO] [stderr]     Checking dirs v1.0.5
[INFO] [stderr]    Compiling syn v1.0.39
[INFO] [stderr]     Checking rand v0.6.5
[INFO] [stderr]     Checking rand_core v0.5.1
[INFO] [stderr]     Checking rand_chacha v0.2.2
[INFO] [stderr]     Checking generic-array v0.12.3
[INFO] [stderr]     Checking rand v0.7.3
[INFO] [stderr]     Checking block-buffer v0.7.3
[INFO] [stderr]     Checking digest v0.8.1
[INFO] [stderr]     Checking digest v0.9.0
[INFO] [stderr]     Checking block-buffer v0.9.0
[INFO] [stderr]     Checking sha2 v0.8.2
[INFO] [stderr]     Checking sha2 v0.9.1
[INFO] [stderr]    Compiling synstructure v0.12.4
[INFO] [stderr]    Compiling zeroize_derive v1.0.0
[INFO] [stderr]     Checking zeroize v1.1.0
[INFO] [stderr]     Checking curve25519-dalek v3.0.0
[INFO] [stderr]     Checking ed25519-dalek v1.0.0
[INFO] [stderr]     Checking spacejam v0.1.2 (/opt/rustwide/workdir)
[INFO] [stdout] warning: trait objects without an explicit `dyn` are deprecated
[INFO] [stdout]   --> src/primitive/capsule.rs:28:33
[INFO] [stdout]    |
[INFO] [stdout] 28 |     pub fn handle(&self, func: &Fn(std::net::TcpStream)) {
[INFO] [stdout]    |                                 ^^^^^^^^^^^^^^^^^^^^^^^ help: use `dyn`: `dyn Fn(std::net::TcpStream)`
[INFO] [stdout]    |
[INFO] [stdout]    = note: `#[warn(bare_trait_objects)]` on by default
[INFO] [stdout] 
[INFO] [stdout] 
[INFO] [stdout] warning: trait objects without an explicit `dyn` are deprecated
[INFO] [stdout]   --> src/primitive/capsule.rs:28:33
[INFO] [stdout]    |
[INFO] [stdout] 28 |     pub fn handle(&self, func: &Fn(std::net::TcpStream)) {
[INFO] [stdout]    |                                 ^^^^^^^^^^^^^^^^^^^^^^^ help: use `dyn`: `dyn Fn(std::net::TcpStream)`
[INFO] [stdout]    |
[INFO] [stdout]    = note: `#[warn(bare_trait_objects)]` on by default
[INFO] [stdout] 
[INFO] [stdout] 
[INFO] [stdout] error[E0599]: no method named `verify` found for struct `ed25519_dalek::PublicKey` in the current scope
[INFO] [stdout]   --> src/primitive/tx.rs:27:16
[INFO] [stdout]    |
[INFO] [stdout] 27 |         public.verify(
[INFO] [stdout]    |                ^^^^^^ method not found in `ed25519_dalek::PublicKey`
[INFO] [stdout]    |
[INFO] [stdout]    = help: items from traits can only be used if the trait is in scope
[INFO] [stdout]    = note: the following trait is implemented but not in scope; perhaps add a `use` for it:
[INFO] [stdout]            `use ed25519_dalek::Verifier;`
[INFO] [stdout] 
[INFO] [stdout] 
[INFO] [stdout] error[E0599]: no function or associated item named `from_bytes` found for struct `ed25519_dalek::Signature` in the current scope
[INFO] [stdout]   --> src/primitive/tx.rs:28:37
[INFO] [stdout]    |
[INFO] [stdout] 28 |             &msg_bytes, &Signature::from_bytes(&self.signature).unwrap()
[INFO] [stdout]    |                                     ^^^^^^^^^^
[INFO] [stdout]    |                                     |
[INFO] [stdout]    |                                     function or associated item not found in `ed25519_dalek::Signature`
[INFO] [stdout]    |                                     help: there is an associated function with a similar name: `to_bytes`
[INFO] [stdout]    |
[INFO] [stdout]    = help: items from traits can only be used if the trait is in scope
[INFO] [stdout]    = note: the following trait is implemented but not in scope; perhaps add a `use` for it:
[INFO] [stdout]            `use ed25519_dalek::ed25519::signature::Signature;`
[INFO] [stdout] 
[INFO] [stdout] 
[INFO] [stdout] error[E0599]: no method named `verify` found for struct `ed25519_dalek::PublicKey` in the current scope
[INFO] [stdout]   --> src/primitive/tx.rs:27:16
[INFO] [stdout]    |
[INFO] [stdout] 27 |         public.verify(
[INFO] [stdout]    |                ^^^^^^ method not found in `ed25519_dalek::PublicKey`
[INFO] [stdout]    |
[INFO] [stdout]    = help: items from traits can only be used if the trait is in scope
[INFO] [stdout]    = note: the following trait is implemented but not in scope; perhaps add a `use` for it:
[INFO] [stdout]            `use ed25519_dalek::Verifier;`
[INFO] [stdout] 
[INFO] [stdout] 
[INFO] [stdout] error[E0599]: no function or associated item named `from_bytes` found for struct `ed25519_dalek::Signature` in the current scope
[INFO] [stdout]   --> src/primitive/tx.rs:28:37
[INFO] [stdout]    |
[INFO] [stdout] 28 |             &msg_bytes, &Signature::from_bytes(&self.signature).unwrap()
[INFO] [stdout]    |                                     ^^^^^^^^^^
[INFO] [stdout]    |                                     |
[INFO] [stdout]    |                                     function or associated item not found in `ed25519_dalek::Signature`
[INFO] [stdout]    |                                     help: there is an associated function with a similar name: `to_bytes`
[INFO] [stdout]    |
[INFO] [stdout]    = help: items from traits can only be used if the trait is in scope
[INFO] [stdout]    = note: the following trait is implemented but not in scope; perhaps add a `use` for it:
[INFO] [stdout]            `use ed25519_dalek::ed25519::signature::Signature;`
[INFO] [stdout] 
[INFO] [stdout] 
[INFO] [stdout] error[E0277]: the trait bound `rand::rngs::OsRng: rand_core::CryptoRng` is not satisfied
[INFO] [stdout]    --> src/primitive/cowboy.rs:14:50
[INFO] [stdout]     |
[INFO] [stdout] 14  |         let keypair: Keypair = Keypair::generate(&mut csprng);
[INFO] [stdout]     |                                                  ^^^^^^^^^^^ the trait `rand_core::CryptoRng` is not implemented for `rand::rngs::OsRng`
[INFO] [stdout]     | 
[INFO] [stdout]    ::: /opt/rustwide/cargo-home/registry/src/github.com-1ecc6299db9ec823/ed25519-dalek-1.0.0/src/keypair.rs:130:12
[INFO] [stdout]     |
[INFO] [stdout] 130 |         R: CryptoRng + RngCore,
[INFO] [stdout]     |            --------- required by this bound in `ed25519_dalek::Keypair::generate`
[INFO] [stdout] 
[INFO] [stdout] 
[INFO] [stdout] error[E0277]: the trait bound `rand::rngs::OsRng: rand_core::RngCore` is not satisfied
[INFO] [stdout]    --> src/primitive/cowboy.rs:14:50
[INFO] [stdout]     |
[INFO] [stdout] 14  |         let keypair: Keypair = Keypair::generate(&mut csprng);
[INFO] [stdout]     |                                                  ^^^^^^^^^^^ the trait `rand_core::RngCore` is not implemented for `rand::rngs::OsRng`
[INFO] [stdout]     | 
[INFO] [stdout]    ::: /opt/rustwide/cargo-home/registry/src/github.com-1ecc6299db9ec823/ed25519-dalek-1.0.0/src/keypair.rs:130:24
[INFO] [stdout]     |
[INFO] [stdout] 130 |         R: CryptoRng + RngCore,
[INFO] [stdout]     |                        ------- required by this bound in `ed25519_dalek::Keypair::generate`
[INFO] [stdout] 
[INFO] [stdout] 
[INFO] [stdout] error[E0599]: no method named `sign` found for reference `&primitive::cowboy::Cowboy` in the current scope
[INFO] [stdout]   --> src/thruster/guardians_of_the_galaxy.rs:17:29
[INFO] [stdout]    |
[INFO] [stdout] 17 |             signature: self.sign(&msg_s).to_bytes().to_vec(),
[INFO] [stdout]    |                             ^^^^ method not found in `&primitive::cowboy::Cowboy`
[INFO] [stdout]    |
[INFO] [stdout]    = help: items from traits can only be used if the trait is in scope
[INFO] [stdout]    = note: the following trait is implemented but not in scope; perhaps add a `use` for it:
[INFO] [stdout]            `use ed25519_dalek::Signer;`
[INFO] [stdout] 
[INFO] [stdout] 
[INFO] [stdout] error: aborting due to 5 previous errors; 1 warning emitted
[INFO] [stdout] 
[INFO] [stdout] 
[INFO] [stdout] Some errors have detailed explanations: E0277, E0599.
[INFO] [stdout] 
[INFO] [stdout] For more information about an error, try `rustc --explain E0277`.
[INFO] [stdout] 
[INFO] [stderr] error: could not compile `spacejam`.
[INFO] [stderr] 
[INFO] [stderr] To learn more, run the command again with --verbose.
[INFO] [stderr] warning: build failed, waiting for other jobs to finish...
[INFO] [stdout] error[E0277]: the trait bound `rand::rngs::OsRng: rand_core::CryptoRng` is not satisfied
[INFO] [stdout]    --> src/primitive/cowboy.rs:14:50
[INFO] [stdout]     |
[INFO] [stdout] 14  |         let keypair: Keypair = Keypair::generate(&mut csprng);
[INFO] [stdout]     |                                                  ^^^^^^^^^^^ the trait `rand_core::CryptoRng` is not implemented for `rand::rngs::OsRng`
[INFO] [stdout]     | 
[INFO] [stdout]    ::: /opt/rustwide/cargo-home/registry/src/github.com-1ecc6299db9ec823/ed25519-dalek-1.0.0/src/keypair.rs:130:12
[INFO] [stdout]     |
[INFO] [stdout] 130 |         R: CryptoRng + RngCore,
[INFO] [stdout]     |            --------- required by this bound in `ed25519_dalek::Keypair::generate`
[INFO] [stdout] 
[INFO] [stdout] 
[INFO] [stdout] error[E0277]: the trait bound `rand::rngs::OsRng: rand_core::RngCore` is not satisfied
[INFO] [stdout]    --> src/primitive/cowboy.rs:14:50
[INFO] [stdout]     |
[INFO] [stdout] 14  |         let keypair: Keypair = Keypair::generate(&mut csprng);
[INFO] [stdout]     |                                                  ^^^^^^^^^^^ the trait `rand_core::RngCore` is not implemented for `rand::rngs::OsRng`
[INFO] [stdout]     | 
[INFO] [stdout]    ::: /opt/rustwide/cargo-home/registry/src/github.com-1ecc6299db9ec823/ed25519-dalek-1.0.0/src/keypair.rs:130:24
[INFO] [stdout]     |
[INFO] [stdout] 130 |         R: CryptoRng + RngCore,
[INFO] [stdout]     |                        ------- required by this bound in `ed25519_dalek::Keypair::generate`
[INFO] [stdout] 
[INFO] [stdout] 
[INFO] [stdout] error[E0599]: no method named `sign` found for reference `&primitive::cowboy::Cowboy` in the current scope
[INFO] [stdout]   --> src/thruster/guardians_of_the_galaxy.rs:17:29
[INFO] [stdout]    |
[INFO] [stdout] 17 |             signature: self.sign(&msg_s).to_bytes().to_vec(),
[INFO] [stdout]    |                             ^^^^ method not found in `&primitive::cowboy::Cowboy`
[INFO] [stdout]    |
[INFO] [stdout]    = help: items from traits can only be used if the trait is in scope
[INFO] [stdout]    = note: the following trait is implemented but not in scope; perhaps add a `use` for it:
[INFO] [stdout]            `use ed25519_dalek::Signer;`
[INFO] [stdout] 
[INFO] [stdout] 
[INFO] [stdout] error: aborting due to 5 previous errors; 1 warning emitted
[INFO] [stdout] 
[INFO] [stdout] 
[INFO] [stdout] Some errors have detailed explanations: E0277, E0599.
[INFO] [stdout] 
[INFO] [stdout] For more information about an error, try `rustc --explain E0277`.
[INFO] [stdout] 
[INFO] [stderr] error: build failed
[INFO] running `Command { std: "docker" "inspect" "78ad6deadd84708eb07f513598023c1802d45e5718636ddff2f32f9431401e1f", kill_on_drop: false }`
[INFO] running `Command { std: "docker" "rm" "-f" "78ad6deadd84708eb07f513598023c1802d45e5718636ddff2f32f9431401e1f", kill_on_drop: false }`
[INFO] [stdout] 78ad6deadd84708eb07f513598023c1802d45e5718636ddff2f32f9431401e1f
